(5 - 1)) - (1 - -4)?
81
Evaluate -38 + -19 + 51 - (7 + 5).
-18
Evaluate 1 + -26 - (69 - 83) - (-56 + -2).
47
What is the value of -94 - (-70 + 2 + 1)?
-27
Calculate 359 + -404 - (-6 + (0 - (-1 - 2))).
-42
Calculate (1 - -42) + (-11 + 9 - (-2 + 6)).
37
Evaluate -20 + (-30 + (4 - 8) - -8).
-46
Calculate (112 - 58) + -53 + 43.
44
-7 + 22 + 18 - -45 - 30
48
What is (-50 - -51) + -12 - -34?
23
What is the value of 64 + -100 + 183 - 89?
58
What is 14 - (20 + -30 - 12) - 2?
34
Calculate (-28 - (22 - 69)) + 18 - -58.
95
Evaluate -11 + (7 - 5) + -1 + 17.
7
What is the value of -1 + -41 - ((8 - 1) + (-34 - (-30 + 16)))?
-29
Calculate -145 - -133 - (-8 - -11).
-15
Evaluate 10 + (-23 - (7 - 49)) + -15.
14
Evaluate -5 - (-4 + -7 - (-3 + 2 + 17)).
22
What is the value of (1 - 1) + 16 - (6666 - 6708)?
58
Calculate -36 + -2 + 1 - 2 - (80 + -215 - -143).
-47
Calculate 7 + (60 - 79) - -7.
-5
What is the value of 1 + 1 - (-348 + 361 + (59 - -2))?
-72
What is -20 + 7 + 8 + 3 + -7 - 14?
-23
What is 7 + (41 - 16) - ((29 - 41) + (-3 - -5))?
42
Evaluate 136 + -464 + 204 + (6 - 1).
-119
-3 + 23 + -5 + 1 - (8 - (-36 + 37))
9
Calculate 6 + (15 - 39) + 10 + (0 - -10) - -62.
64
59 + 38 + -87 + (4 - -5)
19
What is -118 + (31 - -53) + (9 - 0)?
-25
Calculate -1 - (30 - (33 - 103)).
-101
Calculate -14 + -642 + 657 + (58 - 1).
58
Evaluate 7436 + -7497 - (-138 - -1).
76
What is -8 - (-1 + 14 + -15 + 6 + 20)?
-32
What is the value of -2 - 6 - (4 + -14 - (-109 + 50))?
-57
What is 5 + -5 + 0 + -2 - (433 - 370)?
-65
What is -6 - ((-6 - -47) + 0)?
-47
What is the value of -4300 - -4290 - (-15 - 1)?
6
What is 12 - (-11 + 5) - (12 - 21)?
27
(3 - 43 - -16) + (-190 - -89)
-125
Evaluate 158 + -226 + 53 + (-1 - -73) + 1.
58
Calculate 158 + 46 + -18 + -82.
104
What is (-3 - (44 - 25) - -20) + -8?
-10
Evaluate -11 - (-3 + 2) - (666 - 673) - -9.
6
Calculate -6 + (24 - 32) + (-1 - -23).
8
What is (-630 - -634) + -8 + 0 + (2 - 32)?
-34
Calculate -1330 - -1348 - (2 - -67).
-51
What is 17 - (5 + 26 - 22)?
8
Calculate -10 + ((12 - -2) + -13 - -4) - -8.
3
Calculate (-41 - -9 - -30) + -11 + 1 - -17 - -7.
12
Calculate 13 + (-18 + 14 - 16 - -17) + -122.
-112
What is 14 + -6 + 15 + (-6 - (-2 + -3) - 1)?
21
Calculate -5 - (2 - 2) - (57 - 82 - -33).
-13
What is (187 - 196) + (12 - 5) + -8?
-10
What is the value of 12 + 7 - -9 - (-9 - 1)?
38
Calculate -1 + -6 + (-161 - -174) + -23 + 6 + 5.
-6
What is 4 + -8 + -11 + (12 - (-23 - -26))?
-6
What is the value of (-7 - (2 + (2 - 3))) + (21210 - 21194)?
8
Calculate 14 - 20 - (-40 - -7 - (-8 + -2 - -5)).
22
What is the value of (-1 - 38) + -461 + 528?
28
What is -15 - 12 - 9 - -48 - (58 + 1)?
-47
Evaluate -23 + -30 + -34 - 3 - 10.
-100
What is the value of 11704 + -11776 + (-1 - -26)?
-47
What is -1 - -2 - (-52 - 1) - (81 - -389 - 485)?
69
90 - -9 - 8 - (-24 - -43)
72
Evaluate (3 - -12 - 3) + -13 + -50 + 13.
-38
-73 - (-83 - (-116 - -89))
-17
10 + 2 - (-1502 + 1474)
40
0 + 30 - (-15 + (40 - 5))
10
What is the value of (-2 - (0 - 5)) + -9 + -19 + 2?
-23
What is (-16 - -1) + (10 + -16 - -41 - 10)?
10
Evaluate 57 - (-11 + (3 - -15) + 0 + -14 - -6).
58
What is the value of -2 - (-13 - (23 + 95)) - (7 - (-2 + 8))?
128
Calculate 136 + (-80 - -2) + -19 + 57.
96
1 + -3 + 111 + (3 - 40) + (-16 - -49)
105
Evaluate 13 - (29 + (-17 - -73)).
-72
Evaluate (-23 - -7) + 77 - 60.
1
Calculate (52 - -13) + -59 - 42.
-36
What is (-5 - -5) + -51 - ((0 - 2 - 7) + 9)?
-51
-110 - -154 - (-3 + 109)
-62
Calculate 62 + (-152 - -19) - 51.
-122
What is the value of 80 - 85 - 73 - -80?
2
Evaluate 5 + 72 + 391 + -524.
-56
What is the value of (3 - 141) + (-7 - -4) + -1 - (4410 + -4425)?
-127
17 + 42 + (20 - (65 - 16))
30
Calculate (-3237 - -3179) + (-2 - -13) + 1.
-46
-41 + (-77 - -78) + 25
-15
What is the value of -12 + (15 - 2) + 23 + 15 + -2?
37
What is 26 + -1 + -1 + -4 + (45 - 32)?
33
Evaluate -9 + 11 + -13 + 19 + 17 - 5.
20
What is -30 + 34 + -25 - -20 - -58?
57
25 + -67 - (1 + (9 - 8))
-44
7 + 0 - (154 - 131) - -25
9
What is the value of 99 + (-17 - (-14 + (39 + -18 - 28)))?
103
What is the value of -76 - 39 - 3 - -5?
-113
Evaluate 38 - (63 + (-66 - -31) + -80).
90
(-35 - -44) + 0 - (102 + -13)
-80
1 + 4 + (20 - (132 - 18 - (-4 + 24)))
-69
Calculate 13 - (-14 - ((-8 - 0) + -21)).
-2
Calculate 12 + (-9 - -8) - (25 + 9).
-23
Calculate -3792 + 3870 - (132 - -4).
-58
What is the value of -5 - (-31 - -3 - (-1 + -1) - (-135 - -139))?
25
What is the value of 29 - ((-15 - -35) + -2 + 4)?
7
What is -26 + ((-1 - -15) + -97 + 90 - 9)?
-28
Evaluate -6 - -69 - -4 - 4.
63
-8 + 1 + -17 + 6 - -10
-8
(162 - 2) + (-166 - 85) + 207
116
What is the value of 138 + -150 + 1 + -35 - -187?
141
Calculate 7 - 6 - 0 - (1 - (-10 + 15)) - -61.
66
Evaluate 43 + -34 - (4 - 6) - 32.
-21
124 + -54 + -24 - 18
28
19 - ((-3 - -10) + -9 + (-9 - -18)) - -38
50
Evaluate 17 - (2 - (-10 + 6)) - (47 + -2).
-34
7 + -29 - 7 - -14 - (-99 - -4)
80
What is the value of 4 + -51 + -4 - (-1 + (8 + -12 - -11))?
-57
9 - (-43 + 30 + 59)
-37
What is the value of 7 - (1 - (4 + 8 - 15)) - -14?
17
Evaluate 26 + 71 - 19 - 162.
-84
-1861 + 1774 + (166 - 9)
70
What is -10 - (-4 - -90) - (-37 - (45 - 88))?
-102
(-3 - 5 - -29) + (43 - 78)
-14
What is 20 + ((-10 + 12 - -10) + -2 - 74)?
-44
19 + -77 + (36 - 45) - -29
-38
Evaluate (-18 - 1) + (-132 - (-13 + -134)).
-4
What is the value of 14 + -7 + 16 + -14 + 250 + -140?
119
What is the value of 60 - (19 - (11 + 9) - -13)?
48
What is -7 - (-30 - -3 - -55 - -25)?
-60
Calculate 84 + -121 + (-8 - -11).
-34
Calculate (-2 + 9 - 45) + (24 - 4).
-18
-15 + -22 + 3 + -7 + 13
-28
Evaluate (8 - ((5 - (-10 - 28)) + -3)) + 13.
-19
Evaluate -63 - (-75 + 47 - 30).
-5
What is the value of -11 + (37 - (-17 - 26)) + (-2 - (12 - 0))?
55
41 + (35 - 1) + -26 + -3
46
What is -107 - (-138 + 45 - 18)?
4
-24 - (-33 - (-56 - -63))
16
Calculate -11 + (-8 - -8) + (-24 - -10 - -7) + 17.
-1
7 + (-5 + 1 + -3 - (16 - (46 - 177)))
-147
(22 - (61 - 46)) + (-2 - 24) + 2
-17
Calculate -15 + 26 + (-14 - (19 + -31)) + 103.
112
Calculate 36 + (-40 - -22) - (-12 + -2 + 1).
31
74 + -182 - -8 - -97
-3
What is -22 - (2 + 36 - (-276 + 279))?
-57
Evaluate -99 - -2 - (2345 + -2357).
-85
Calculate (46 - (84 - 35)) + -6.
-9
What is the value of -74 + 14 + -39 + 8 + 34?
-57
Calculate -8 + -6 + (24 - (6 + -19)) + 1.
24
What is 9 + -13 - 21 - (7 + -11 - 3)?
-18
-4467 + 4459 + 28 + -4 + -1 + 3
18
What is -57 - ((10 - 33) + 14)?
-48
Evaluate (-18 - (13 + -12 + -11)) + 65 - (7 + -9).
59
Evaluate (-33 - -10) + 84 - (-26 + 27).
60
Calculate (117 - 85) + (46 - 45) + (-1 - -6 - -2).
40
What is 54 + -43 + 59 - 50?
20
2 - (10 + -2) - (-1181 - -1172)
3
Evaluate 1 + 13 + (70 + -224 - -119) + -24 + -1.
-46
Calculate 4 + 49 - (-1 - (49 + -37)).
66
Calculate (22 + -17 - -5) + -13 - (5 + -20).
12
6 + (-10 - 0) + 10 + (4 - (1 - 30))
39
Evaluate -3 + -6 + ((22 - 13) + 0 - (-1 - -11)).
-10
What is the value of 38 + (19 - (-6 + 69))?
-6
Evaluate -46 - -1 - (3502 - 3606).
59
What is the value of (7 - (-26 + 42)) + (-27 - 7)?
-43
Evaluate (-102 - (32 + -31)) + 36.
-67
Evaluate (31 + -9 - -35) + -27.
30
Evaluate 1 + -44 + 56 + -114 + 121.
20
What is (2 + -18 - (-55 - -52) - -2) + 6?
-5
98 - (44 + -3) - 44 - -102
115
(-14 - (-6 + -3) - -54 - -16) + -12
53
What is -3442 + 3495 - (-2 - -95)?
-40
What is 24 + -2 - (-1599 - -1625)?
-4
Calculate -47 + -18 + 19 + 0 - -19.
-27
What is the value of 20 + -4 - (-38 + (31 - 14) + -73 - -11)?
99
What is the value of (2 + -28 - -38 - (-6 + 5)) + -36?
-23
Evaluate 126 + -187 + (-6 - -4) + 7.
-56
Calculate -11 - (-28 - -19) - (-36 - -6 - (11 + -4)).
35
5 - -1 - (0 + -80 + (-53 - -105) + -45)
79
(-9 - ((31 - -65) + -20)) + -10
-95
Evaluate -3 - (-6 - (6 - (-3 + 2))) - (-9 - -1).
18
What is 5 + 21 + -18 - 10 - (6 - 128)?
120
Evaluate (1 + -4 - (-1 - (0 - 1))) + (213 - 134).
76
Evaluate (1396 - 1479) + (158 - 0).
75
(-78 + 78 - (1 + -15)) + -19 + 51
46
What is 61 + -126 - -32 - -41?
8
Calculate -3 + -9 + 5 - (37 + -40).
-4
-2 + 2 - 3 - ((54 - 67) + 14 + -1)
-3
What is 98 + (-82 - (8 + -74))?
82
What is the value of 20 - ((-35 - (-15 - 0)) + 10)?
30
What is the value of -28 + (62 - (69 + -37)) + (90 - 1)?
91
-15 + (42 - (46 - 4)) - (0 - 24)
9
What is the value of 14 - (11 + (7 - -12)) - -1?
-15
What is the value of (0 - 1 - (77 + -99)